 base 12, what is 5 - 9b?
-96
In base 12, what is -108 - 96?
-1a2
In base 15, what is 43 - 53?
-10
In base 15, what is -2b3 + 3?
-2b0
In base 5, what is 10 + 30244?
30304
In base 5, what is -11043 + 32?
-11011
In base 14, what is -2 + -2b5?
-2b7
In base 13, what is 36 - 0?
36
In base 8, what is 154 + 1?
155
In base 15, what is 5 - -16a?
170
In base 4, what is -11 + 311?
300
In base 5, what is 13 + 12?
30
In base 14, what is -d - 36?
-45
In base 10, what is -3496 + -2?
-3498
In base 13, what is 3 + -1?
2
In base 7, what is 45 + -12?
33
In base 7, what is 52 - 2?
50
In base 9, what is 520 - -2?
522
In base 4, what is -210 - -100?
-110
In base 16, what is 7 - -1f?
26
In base 9, what is 4 - -323?
327
In base 3, what is -1012022201 - 10?
-1012022211
In base 13, what is a2 + -4c?
53
In base 16, what is 1 - 53f?
-53e
In base 14, what is 5 - 5?
0
In base 6, what is 0 + 32050?
32050
In base 6, what is -1 - -254?
253
In base 8, what is 34 - 3?
31
In base 12, what is -5 + -b2?
-b7
In base 3, what is -12 + -1101121?
-1101210
In base 8, what is 5 - 24?
-17
In base 10, what is 9 + 51?
60
In base 7, what is 56 + 524?
613
In base 3, what is -2 + 11021?
11012
In base 6, what is 1 - 15343?
-15342
In base 8, what is 57 + 626?
705
In base 10, what is 1 - -341?
342
In base 14, what is 5357 - 4?
5353
In base 8, what is -3 - -260?
255
In base 4, what is 12 - 330301?
-330223
In base 12, what is 0 + -887?
-887
In base 14, what is -b + 4?
-7
In base 16, what is 2 + 86b?
86d
In base 9, what is 407 - 8?
388
In base 3, what is 22 - 10211221?
-10211122
In base 14, what is -1c1 - -2?
-1bd
In base 13, what is -1408a - -2?
-14088
In base 3, what is 122222 + -200?
122022
In base 5, what is 1243 - 10?
1233
In base 16, what is -1486 - -3?
-1483
In base 15, what is 9d + -8?
95
In base 9, what is -22 - 1771?
-1803
In base 16, what is -1 - 41?
-42
In base 3, what is -10201 + 10?
-10121
In base 4, what is -1 + -1313?
-1320
In base 4, what is 20 + -111?
-31
In base 4, what is 300211 + -10?
300201
In base 14, what is -75 - -12?
-63
In base 14, what is -6 - -37?
31
In base 15, what is 0 - -95?
95
In base 2, what is -10 - -10100111?
10100101
In base 16, what is 611 + 4?
615
In base 13, what is 37 - 4a?
-13
In base 16, what is 81 + -83?
-2
In base 13, what is 5 - 24?
-1c
In base 7, what is -566 + 3?
-563
In base 15, what is 5 + -3e?
-39
In base 5, what is -423242 + 3?
-423234
In base 3, what is 0 + 22020?
22020
In base 7, what is 2 + 16226?
16231
In base 16, what is -d9 + 6?
-d3
In base 2, what is -111001011111 + -1?
-111001100000
In base 12, what is -5 - 0?
-5
In base 3, what is 12 - -1102?
1121
In base 11, what is -1 - -3710?
370a
In base 9, what is -2 - -36?
34
In base 3, what is 12 - 222?
-210
In base 7, what is -3 + -33?
-36
In base 10, what is -7947 + 3?
-7944
In base 13, what is -30 + 41?
11
In base 5, what is -34141 + -1?
-34142
In base 10, what is 7 - 1805?
-1798
In base 10, what is -95 + 13?
-82
In base 12, what is -4 - -2b?
27
In base 13, what is 4 + 144?
148
In base 15, what is 2 + 4a9?
4ab
In base 6, what is -25 - -21?
-4
In base 4, what is -2 + -131?
-133
In base 15, what is 6b4 + b?
6c0
In base 16, what is -29 - b?
-34
In base 3, what is 11 + -220?
-202
In base 10, what is 3 - -423?
426
In base 14, what is -1 + 15b?
15a
In base 3, what is 112 - 0?
112
In base 6, what is 12410 + -3?
12403
In base 6, what is 3 - -133?
140
In base 3, what is 2 - 1020020?
-1020011
In base 14, what is 0 + -158?
-158
In base 3, what is 1 + -1201?
-1200
In base 11, what is 8 - -38?
45
In base 5, what is 0 - 120?
-120
In base 10, what is -8 + 17?
9
In base 3, what is 1 + -1100121?
-1100120
In base 12, what is -4 - 93?
-97
In base 6, what is 235 - 3?
232
In base 13, what is 4 - 46?
-42
In base 3, what is 20 + 12?
102
In base 2, what is -100 + -1100011100?
-1100100000
In base 10, what is 29079 + 4?
29083
In base 16, what is 903 + 4?
907
In base 15, what is -4 - 68?
-6c
In base 10, what is 1 + -68?
-67
In base 6, what is -2 + 431?
425
In base 9, what is -12 - -14?
2
In base 10, what is 47 - 2?
45
In base 5, what is 103 - -1200?
1303
In base 15, what is -a84 + 5?
-a7e
In base 9, what is -3 + -7?
-11
In base 6, what is 1 + 1244?
1245
In base 6, what is -130 + 110?
-20
In base 6, what is -2 - 244?
-250
In base 11, what is -5 + 534?
52a
In base 14, what is 1 + -9?
-8
In base 6, what is 11 - -2002?
2013
In base 7, what is 24 - -22?
46
In base 14, what is c + db?
109
In base 14, what is b0 + 5?
b5
In base 8, what is -5 - 204?
-211
In base 12, what is -7a - -1?
-79
In base 6, what is -1 - 3425?
-3430
In base 7, what is -4461 + 10?
-4451
In base 8, what is -2 + 53?
51
In base 15, what is 25 - -89?
ae
In base 4, what is 122 - -111?
233
In base 3, what is -2001 + 10?
-1221
In base 11, what is -596 + -2?
-598
In base 6, what is -3 - -243?
240
In base 2, what is 100110 - 11?
100011
In base 5, what is 1122 + 14?
1141
In base 10, what is 0 + 27?
27
In base 12, what is 4 - -112?
116
In base 8, what is -26 - -124?
76
In base 13, what is -8 + 39?
31
In base 14, what is 2 - -604?
606
In base 7, what is 162 + 4?
166
In base 5, what is 200 - 0?
200
In base 15, what is -213a + 4?
-2136
In base 4, what is 31 - -1201?
1232
In base 11, what is -14 - 920?
-934
In base 11, what is -3 - 21a?
-222
In base 8, what is -4 - 5305?
-5311
In base 14, what is 2cc - 0?
2cc
In base 13, what is 563 + 6?
569
In base 15, what is -57 + -6?
-5d
In base 3, what is 0 - -1221?
1221
In base 6, what is -2 - 132?
-134
In base 12, what is 41 - 2?
3b
In base 3, what is 1 - 212022?
-212021
In base 5, what is 123120 - -4?
123124
In base 7, what is -115 - 60?
-205
In base 5, what is 2040 + 111?
2201
In base 5, what is -10 - -1413?
1403
In base 5, what is 3233 + 2?
3240
In base 4, what is -111 - 122?
-233
In base 12, what is 4b1 - 3?
4aa
In base 12, what is 3 + b0?
b3
In base 4, what is -10 + 2010?
2000
In base 7, what is -2 + 513?
511
In base 5, what is -1441 - -32?
-1404
In base 15, what is b - 42?
-36
In base 12, what is -9a - 2?
-a0
In base 14, what is 27 + 1?
28
In base 16, what is -8 - 11?
-19
In base 16, what is 75 - -b?
80
In base 2, what is -1100 + 1111011?
1101111
In base 16, what is 196 + -3?
193
In base 3, what is 10 - 11010101?
-11010021
In base 7, what is -2 - 6530?
-6532
In base 11, what is 84 + -9?
76
In base 14, what is -624 + 5?
-61d
In base 12, what is -55 - 10?
-65
In base 15, what is -115 + -1?
-116
In base 12, what is 39a8 - -2?
39aa
In base 10, what is -885 - 4?
-889
In base 6, what is 335 + 1?
340
In base 12, what is 4 + -4316?
-4312
In base 2, what is -100 - 1110110?
-1111010
In base 11, what is -5 - 39?
-43
In base 2, what is 11 + -101110?
-101011
In base 2, what is -1001111 - 101100?
-1111011
In base 16, what is -9 + 3?
-6
In base 6, what is 313 + -34?
235
In base 16, what is 16 - -3b?
51
In base 8, what is 3 - 142?
-137
In base 13, what is 1851 + -4?
184a
In base 8, what is 4523 - 2?
4521
In base 11, what is 4 - 2423?
-241a
In base 12, what is 12 + -281?
-26b
In base 16, what is -110 + 1?
-10f
In base 4, what is -1203 + -11?
-1220
In base 2, what is 100 - -10100?
11000
In base 3, what is -2120 + -21?
-2211
In base 2, what is 1000101 + -101110?
10111
In base 6, what is 1 + -4342?
-4341
In base 11, what is 6 + -58?
-52
In base 2, what is -10 - 1111000?
-1111010
In base 4, what is -21 + 100?
13
In base 5, what is 13 - 230?
-212
In base 9, what is -12 + -35?
-47
In base 6, what is -4 + 15314?
15310
In base 7, what is 4 + -20?
-13
In base 5, what is 1021 + 1?
1022
In base 14, what is 88 + 9?
93
In base 11, what is -10 + 762?
752
In base 3, what is 0 - -20220?
20220
In base 6, what is -4 - -35?
31
In base 13, what is -1c + 1ba?
19b
In base 7, what is 23 - 31?
-5
In base 3, what is -100 - -100100?
100000
In base 15, what is -1 + -28?
-29
In base 6, what is -3 - 10024?
-10031
In base 14, what is 979 + 1?
97a
In base 14, what is -21a + 5?
-215
In base 12, what is -2335 - 2?
-2337
In base 7, what is 50 - 451?
-401
In base 6, what is 4 - 50?
-42
In base 11, what is -1 - -122?
121
In base 6, what is -23 + 13?
-10
In base 13, what is 6 + 340?
346
In base 3, what is -12 - 12022221?
-12100010
In base 15, what is 4 + d?
12
In base 11, what is -2 + 123?
121
In base 14, what is -1 + -186?
-187
In base 7, what is 5 - 36522?
-36514
In base 